vative of -1/24*j**4 + 11/6*j**3 + 0 - 7*j**2 + 0*j. Give g(m).
4
Let f be (-5 - (4 - 6)) + -1. Let h be (f + 7/1)/1. Let l(t) = 0*t**3 + t + 9*t**2 + 11 + t**h - 8*t**2. Give l(0).
11
Let s(w) = -w**2 - 6*w + 8. Suppose 7 = 5*p - 3. Suppose p*i - i + 7 = 0. Let x(b) = -b**3 - 7*b**2 + 2*b + 8. Let a be x(i). Determine s(a).
8
Let l(m) = -m**3 + 6*m**2 + 2*m - 9. Let f be l(6). Let a(b) = 9*b**2 - 6*b + 11. Let j(g) = 5*g**2 - 3*g + 6. Let p(u) = -4*a(u) + 7*j(u). Calculate p(f).
-2
Let n(q) = 2*q + 39 + 2297*q**3 - 1151*q**3 + 19*q**2 - 1145*q**3. Calculate n(-19).
1
Let s(z) = 61 + z + z**2 + 2*z - 55 - 7*z. What is s(4)?
6
Suppose -3*c + 55 = i - 10, -3*i + 19 = c. Let r be (-1)/(-4)*(c + -2). Let b(p) = -p**3 + 5*p**2 + p. Give b(r).
5
Let a(w) = -3*w**3 - 16*w**2 - 10*w + 4. Let l(m) = -2*m**3 - 14*m**2 - 10*m + 5. Let s(o) = -3*a(o) + 4*l(o). What is s(9)?
-1
Let v(a) be the third derivative of a**7/840 + a**6/360 + a**5/120 - 11*a**4/24 - a**3/2 - 18*a**2. Let s(o) be the first derivative of v(o). Give s(0).
-11
Let p(v) = v - 2. Suppose 0 = -3*j + 5*j. Suppose -2*g + j*x - 4*x = -20, -x = -4*g - 5. Suppose 2*t + y + g*y = 5, 5*t + 3*y = 15. Calculate p(t).
-2
Suppose 64*s + 10 = 65*s. Let a(c) = 9 - s*c + 9*c - c. Calculate a(9).
-9
Let x(p) be the first derivative of -p**4/4 + 2*p**3/3 - p - 1. Let j(h) = 12*h + 191. Let g be j(-16). What is x(g)?
2
Let u(m) be the second derivative of 2*m**3/3 - 2*m**2 + 3*m + 25. Determine u(2).
4
Let i(n) = -2*n**3 + 3*n**2 - n - 1. Suppose -6*u + 3*u - 3 = 0. Let j = u - -1. Let l be (3 - -1) + -2 + j. What is i(l)?
-7
Let q(h) = h**3 - 9*h**2 - 10*h - 1. Let r be (-68)/(-6) + -3*8/18. Determine q(r).
-1
Suppose c - 11*c = 0. Let p be -4 + 1 - (0 - c). Let j(z) = -z. What is j(p)?
3
Let b(u) = -7*u - 1. Let v(s) = s**2 - 7*s + 8. Let f be v(6). Determine b(f).
-15
Suppose 4*t - 8 = 0, -5*m - 9*t + 13*t = -12. Let z(l) = l**3 - 3*l**2 - 2*l + 1. What is z(m)?
9
Suppose 0 = -5*p + 2*g + 19, -4*p + 12*g = 13*g - 10. Let i(l) = l**3 - l**2 - l - 4. Calculate i(p).
11
Let c(t) = -2*t - 5. Let d = 57 - 80. Let z = d - -31. Let f(o) = -o**2 + 6*o + 11. Let y be f(z). Give c(y).
5
Let a = 12 - 10. Let f(k) = -2*k + 1. Let w(h) = -3*h + 2. Suppose 0 = -5*j - 2 + 22. Let c(b) = j*f(b) - 3*w(b). Determine c(a).
0
Suppose 5*g + 5*s + 5 = 6*g, -2*s - 2 = -2*g. Let m(f) = -16 + f + 12*f**2 - 2*f + g*f**3 + 11*f + f**3. Calculate m(-11).
-5
Let g(o) be the first derivative of o**4/4 - 2*o**3/3 - o**2/2 - 3*o + 115. Calculate g(3).
3
Let a(x) = 2*x**3 - 3*x**2 + 1. Let b(z) = z**2 - 10*z - 8. Let r be b(11). Let h(o) = r*o - 2*o + 8 - 1 - 2*o. Let w be h(5). Calculate a(w).
5
Let n(w) = 3*w**2 - 2*w**3 + 17*w - 12*w - 5*w**2 + 1. Let d(o) = 3*o**3 + 5*o**2 - 9*o - 2. Let k(t) = 3*d(t) + 5*n(t). What is k(2)?
7
Let q = 13 - 6. Suppose -q*w = -5*w. Suppose w*y + 3 = -y. Let h(m) = -m - 1. Give h(y).
2
Suppose -y - 5 + 13 = 0. Suppose 4*q = 2*b + y, -3*q = -b - 3*b + 4. Let h(m) = 13*m - 12*m - 6 - 3 + q. Determine h(0).
-5
Let v(t) = 2*t**3 - 6*t**2 + 2*t + 4. Let o be v(3). Suppose o = q + 11. Let c(m) = -6*m**2 + 1. Calculate c(q).
-5
Let i be 14/(-4) - (-5)/10*-5. Let p(u) = u**2 + 8*u + 20. What is p(i)?
8
Let g be 2/(-12) + 344/48. Let w(k) be the first derivative of k**2 + 0 + g*k + 2 + 1. Give w(-5).
-3
Suppose 4*w - 13 = -37. Let x(k) = -2*k**2 + 6*k - 4. Let v(f) = -3*f**2 + 12*f - 9. Let h(g) = -3*v(g) + 5*x(g). What is h(w)?
7
Let b(s) be the first derivative of -s**4/4 - s**3/3 + s**2 - 90. Calculate b(-2).
0
Let m(q) = -15*q + 16. Let u be m(1). Let o(f) = -3 - 6*f**3 - 6 - f + f**2 + 5 + 5. Calculate o(u).
-5
Suppose -37 - 53 = -3*k. Let c be (k/(-9) - -4)*3. Let d(q) = -c + q + 5*q - 7*q + 2*q. Determine d(0).
-2
Let a(s) = s + 2. Let k(i) be the second derivative of -i**3/3 + 3*i**2 - 4*i - 3. Suppose -4*p = -8 - 0. Let h be k(p). What is a(h)?
4
Suppose 2*n = 1 + 9. Let p = n + -1. Let h(j) = j. Let o(z) = -z - 3. Let m(t) = -4*h(t) - o(t). Calculate m(p).
-9
Let d(c) = 17*c**2 + 22*c + 9. Let q(a) = -19*a**2 - 23*a - 9. Let r(y) = -10*d(y) - 9*q(y). Give r(14).
5
Let q(l) = l + 8. Let o = -63 - -51. Let j(s) = s**3 + 10*s**2 - 24*s. Let h be j(o). Calculate q(h).
8
Let r(t) = t**3 + 14*t**2 - 14*t + 19. Suppose -2*k - 525 = 33*k. Calculate r(k).
4
Let w(v) = 2*v - 2. Let d be (5/(-2))/((-4)/(-16)). Let i be d/30 - (-38)/6. Let t = i - 10. Calculate w(t).
-10
Let r(c) = c**3 - 4*c**2 - 4*c + 5. Let v be ((-16)/(-6))/((-4)/(-6)). What is r(v)?
-11
Let r(z) be the first derivative of -3 + 0*z**2 + 3*z + 1/12*z**4 - 1/6*z**3. Let n(h) be the first derivative of r(h). Calculate n(-2).
6
Suppose 9*v - 70 = 4*v. Suppose -3*w - 3 + 17 = 2*n, n = -5*w + v. Let d(m) = 2*m + 1. What is d(w)?
5
Let k(g) = 46*g**3 - g - 19*g**3 + 2*g**2 - 26*g**3. Let i be k(0). Let b(h) be the second derivative of -h**4/12 - h**3/6 + h. Determine b(i).
0
Let u(o) = -10*o**2 + 3*o + 3. Let i(k) = 2*k**3 + 49*k**2 - 30*k - 127. Let j be i(-25). Give u(j).
-43
Let g(j) = -244*j - 5. Let f(i) = -209*i - 5. Let l(r) = -7*f(r) + 6*g(r). Suppose 5*x = 22 + 8. What is l(x)?
-1
Let t(i) = i**2 - 4*i - 13. Let c(b) = 2*b**2 - 7*b - 31. Let s(m) = -2*c(m) + 5*t(m). Calculate s(7).
4
Let a(b) = -b + 3. Let c(w) = -w**2 - 3*w + 7. Let i be (10/(-4))/((-1)/(-2)). Let s be c(i). Determine a(s).
6
Let w(r) = 3*r**2 - 8*r + 2. Suppose 3*f = f - x + 6, 5*f - 2*x - 15 = 0. Give w(f).
5
Let r(f) = -f - 6. Let p be -4 - (1 + -2)*2. Let t be ((0 - 0)/(-1))/p. Suppose 5*j - 5 = 2*z, 3*j + 4 - 1 = t. What is r(z)?
-1
Let n(t) = t + 9. Let s = -9 - -35. Let b = s - 32. Calculate n(b).
3
Let c(n) = -10*n**2 + 3 + 12*n**2 - 3*n**2. What is c(-4)?
-13
Let j(b) be the first derivative of b**3 + 0*b - 1/20*b**5 + 0*b**2 + 5/24*b**4 - 1 - 1/360*b**6. Let t(s) be the third derivative of j(s). What is t(-5)?
10
Suppose -20 = -4*u - 0*u. Suppose 0*i - 4*y = u*i + 20, -5*i = 3*y + 15. Let x(n) = -3*n + 2*n - n**2 + 4 + 2 + 2. Determine x(i).
8
Let u(r) = r**2 + r - 3. Suppose 112*p + 324 = 31*p. Give u(p).
9
Let c(o) = -o - 2. Let i(f) = f**2 + 19*f + 12. Let k(b) = -4*c(b) - i(b). What is k(-15)?
-4
Let l(h) = 3*h**2 + h. Let q(t) = -2*t + 10. Let j be q(2). Let s be ((-3)/(-9))/(j/18). Calculate l(s).
4
Let n(v) be the third derivative of 2/3*v**3 + 0*v - 1/4*v**4 + 0 + 1/60*v**5 + 9*v**2. Calculate n(4).
-4
Let g(y) = 10*y - 5. Let r(q) = 1. Let h(u) = g(u) + 5*r(u). Determine h(-1).
-10
Let b(s) be the third derivative of -s**6/120 + 7*s**5/60 + s**4/3 - s**3 + 194*s**2 + s. Determine b(7).
50
Let l(s) = -4*s + 8. Let a be l(0). Let i(m) = -2*m + 3*m - 2*m. Calculate i(a).
-8
Let m(k) = k - 5. Suppose 231*l = 228*l + 9. Give m(l).
-2
Let v(w) = -20*w**3 - 6*w**2 + 8 - 5 - 7*w + 43*w**3 - 24*w**3 - 7. Let j = 5 + 11. Suppose 5*b = -4*z - j, -2*b = z - 3 + 10. Calculate v(b).
-8
Let t(s) = -4 + 16 + 6*s**3 + 2*s + 2*s**2 - 11 + 3*s**3. Determine t(-1).
-8
Suppose -28*j + 4 = -26*j. Let w(q) = 2*q**2 + q - 4. Calculate w(j).
6
Let q(r) = 8*r - 6. Let b be q(2). Let a be (5/b)/(2/(-12)). Let u(h) = h**3 + 4*h**2 + 2*h - 2. Calculate u(a).
1
Let g(c) = 3*c**2 - 11*c**2 + 4*c**2 + 3 + 3*c**2 + 3*c. Determine g(4).
-1
Let h(f) = -4*f - 74. Let p(x) = 2*x + 36. Let a(m) = -6*h(m) - 13*p(m). Determine a(-15).
6
Let n(g) = 14*g - 5. Let q(c) = -2*c + 2. Let l(h) = -n(h) - 6*q(h). Calculate l(-8).
9
Suppose 0 = 2*m - 4*f - 18, -4*m = 3*f - 1 - 2. Let g(w) = m + 8 - 9 + w - 3*w. What is g(-2)?
6
Let n(j) = 4*j - 3. Let y(f) = -9*f + 8. Let s(r) = 7*n(r) + 3*y(r). What is s(2)?
5
Let l(n) be the first derivative of -n**2/2 + 3*n + 199. Calculate l(-10).
13
Let x(z) = -z**2 - 10*z + 8. Let n be x(-6). Let d = -29 + n. Let p(u) = -1 - 2*u - 4*u + 2 - u**d - 4 - 7*u**2. Calculate p(-6).
-3
Let x be 16/7 + 14/(-49). Let h(w) = 5*w - 8. Let y(j) = 5*j - 9. Let l(b) = -7*h(b) + 6*y(b). Determine l(x).
-8
Let c(a) = a**3 + 13*a**2 + 14*a - 8. Let j = 344 - 356. What is c(j)?
-32
Let a(k) = -k**2 + 3*k. Suppose -2*o - 10 = -y - 13, 0 = -2*o + 4*y - 6. Calculate a(o).
0
Let v be (-1 - (1 - 2))/(30/(-30)). Let n(h) = -h + 5. Determine n(v).
5
Suppose 5*d - 40*d = 245. Let q(t) = t**2 + 7*t - 1. Determine q(d).
-1
Let a(r) = r - 5. Let d be a(7). Suppose d*f + b = -3*b - 16,